a and 48?
16
Suppose 2*t + t - 5 = -o, -4*o + 7 = -t. What is the highest common factor of o and 14?
2
Let v be (50 + 1)/(3/(-2)). Let l = v - -48. Let a = l - -1. Calculate the highest common factor of a and 5.
5
Let u(m) = -169*m + 2. Let j be u(-1). Suppose -3*h = -3*r - j - 114, 5*h = -r + 499. Calculate the greatest common factor of 9 and h.
9
Let o(i) = 19*i + 327. Let s be o(-13). Calculate the highest common factor of s and 70.
10
Let l(w) = 31*w - 32. Let c be l(6). Suppose -4*k - c = -5*k. What is the highest common factor of k and 22?
22
Suppose 7*i = -22*i + 8381. What is the greatest common factor of i and 34?
17
Let x = -12 + 15. Suppose -2 = x*n + 7, 4*w - 33 = 3*n. Let m = 30 + -18. What is the highest common divisor of m and w?
6
Let n = 55 - 50. Suppose u + 2 = 3*m + 18, m = n*u - 66. What is the greatest common factor of 91 and u?
13
Let s(l) = -3*l**2 - 25*l + 22. Let x be s(-8). Calculate the greatest common factor of x and 70.
10
Suppose -8 - 1 = -3*y. Suppose -3*m = -2*u - 4, -28 = -3*u - y*m - m. Let p be (-3)/(6*u/(-256)). Calculate the greatest common divisor of p and 16.
16
Suppose -39*r + 1110 = 5*l - 44*r, 3*r - 214 = -l. What is the greatest common divisor of l and 15?
5
Suppose -2*r + 492 = 5*t, 42*r = -4*t + 38*r + 384. What is the greatest common factor of t and 75?
25
Let p(m) = 3*m - 1. Let f be p(0). Let r be 9 - 13 - f*175. Calculate the greatest common divisor of 19 and r.
19
Suppose 24 = 12*m - 13*m. Let g be (23*6/(-9))/(16/m). What is the highest common factor of 184 and g?
23
Let f = -746 - -763. What is the highest common divisor of f and 289?
17
Suppose 673 = 5*j + 513. Let p be 2/(-6)*2*-6. What is the greatest common factor of j and p?
4
Let w = 227 + -62. Let t = -17 - -50. What is the greatest common divisor of w and t?
33
Suppose 2*x = 3*t + 19, 3*x + 4*t - 8 = 12. Let v be 16/24 - -56*8/(-6). Let o = 146 + v. Calculate the highest common divisor of o and x.
8
Suppose -4*b = 5*f - 46, -2*f = 9*b - 7*b - 22. What is the highest common factor of 72 and b?
9
Suppose 2971*s + 276 = 2994*s. Let v be (1 - 7 - 0)*-1. What is the greatest common factor of v and s?
6
Let r(o) = 17*o + 3*o + 8 + 6*o + 58. Let k be r(9). What is the greatest common factor of k and 12?
12
Suppose -75 - 90 = -11*c. Calculate the greatest common factor of 6870 and c.
15
Let x = -70 + 72. Suppose 3*f - g = 8*f - 89, -x*f - 3*g = -33. Calculate the highest common divisor of f and 2.
2
Let d = -1 - -4. Suppose 31 = p - 3*i + 2*i, -5*i - 101 = -d*p. Suppose 2*m - 275 = 3*l - 2*l, m + 2*l = 125. What is the highest common divisor of m and p?
27
Suppose c + 6*m - 3*m - 99 = 0, c + 5*m = 89. Calculate the highest common divisor of c and 266.
38
Let k be ((-2 - -1) + 1)/1. Let s be (k + -2 + -16)*182/(-39). Suppose 0 = d + p - 12, 24 = 3*d - d + 4*p. Calculate the highest common factor of s and d.
12
Let c(m) = -13*m - 1. Let y be c(-4). Let u(l) = 5*l**2 - 7*l - 6. Let r be u(-4). Calculate the greatest common factor of y and r.
51
Suppose -12 = 3*f, 2*a - 4*f + 160 = 572. Calculate the highest common divisor of a and 88.
22
Let b be 5/35*7*37. Calculate the highest common factor of b and 1.
1
Let r = -134 + 148. What is the highest common factor of r and 266?
14
Let p(g) = -g**3 - 10*g**2 + 67*g. Let f be p(-15). Calculate the greatest common factor of 96 and f.
24
Suppose -1 = w - 31. What is the highest common factor of 45 and w?
15
Suppose -4 = 4*z, -3*l - 3*z + 14 = -178. Let i be 392/32 - (-6)/8. What is the greatest common divisor of i and l?
13
Let a be 10 - 9 - (-2 - 1). Let b(y) = -y + 9. Let d be b(a). Calculate the greatest common divisor of d and 20.
5
Let b = -163 - -218. Calculate the greatest common divisor of 275 and b.
55
Let x(n) be the third derivative of n**5/60 + n**4/4 - n**2. Let w be x(-7). Let g = 2186 + -2172. Calculate the greatest common divisor of g and w.
7
Let p = 366 - 234. Suppose 0 = -2*l + p + 148. What is the highest common divisor of 56 and l?
28
Let a = 63 - 42. Let j(p) = 33*p - 552. Let y be j(18). What is the highest common factor of a and y?
21
Suppose 24 = -2*m + 3*s - 7, 2*m = 2*s - 36. Let v = 78 + m. Calculate the highest common divisor of v and 11.
11
Let x(v) = v**3 + 13*v**2 - 47*v + 21. Let g be x(-16). Suppose 4*s - g*s + 68 = 0. Calculate the highest common divisor of 17 and s.
17
Suppose 37*v - 41*v = -132. Suppose -n - 2*l + 8 = -9, 2*l - 28 = -2*n. Calculate the highest common divisor of v and n.
11
Suppose -26*m + 28*m = 24. What is the highest common factor of m and 236?
4
Let w = -130 - -211. What is the greatest common factor of 351 and w?
27
Suppose -3*n = -m - 22, 0 = -3*n - m + 14. Let c(k) = k + 4. Let g be c(n). What is the highest common divisor of 50 and g?
10
Suppose 5251 = 15*z - 3359. What is the highest common divisor of z and 14?
14
Suppose -2*q + 260 = 4*y, 3*q - y - y = 422. Calculate the highest common divisor of 24 and q.
6
Let u(r) = -10*r - 57. Let o be u(-6). Calculate the greatest common divisor of o and 129.
3
Suppose 47*t - 32*t - 840 = 0. What is the greatest common divisor of 21 and t?
7
Let o(b) = 34*b**2 + 2*b + 3. Let z be o(-1). Calculate the highest common factor of z and 14.
7
Let o = -192 - -132. Suppose 334 = 3*f - 5*h, 0 = 5*h - 0 + 10. Let u = o + f. Calculate the greatest common factor of 16 and u.
16
Suppose -20 = 4*d, -d - 245 + 792 = -3*c. Let z = c - -272. Let m = 21 + -10. Calculate the highest common divisor of z and m.
11
Suppose -b = -671 + 582. Calculate the highest common factor of 89 and b.
89
Suppose -9*z + 5*z = -40. Suppose 575 + 385 = z*j. Calculate the greatest common divisor of 240 and j.
48
Let y(c) = -c**3 - 4*c**2 - 8*c - 4. Suppose -2*b + 3 = 2*m + b, 12 = 4*b. Let h be y(m). What is the highest common divisor of h and 77?
11
Suppose 0*l + 5*l - 25 = 0. Suppose 8*p - 3*p - l = 0. Let v be ((-42)/14)/(p/(-6)). Calculate the highest common factor of v and 2.
2
Let s = -3 + 4. Let c(z) = -136*z + 1. Let u be c(s). Let f = -85 - u. Calculate the greatest common divisor of 20 and f.
10
Let g be ((-7)/21*-21)/(2/4). Let f = 94 - g. Calculate the highest common factor of 40 and f.
40
Let g(a) = 7*a**2 + 16*a - 5. Let b(v) = -8*v**2 - 17*v + 7. Let o(s) = 5*b(s) + 6*g(s). Let d be o(-8). What is the highest common divisor of d and 9?
9
Let j be 3/12 - (-30)/8. Suppose -j*o + 23 - 11 = 0. Let v = 33 + -6. What is the greatest common factor of v and o?
3
Let j be 22/(-6) - (-4)/(-12). Let z be j/(-6)*149 + (-18)/(-27). What is the greatest common divisor of z and 4?
4
Suppose 0*r = -5*r - 5, -4*j = 5*r - 15. Suppose g - 24 = j. What is the greatest common divisor of 145 and g?
29
Let q be (-1 + 11)*4/8. Suppose 0 = q*i - 3*j + 2, 4 = -2*i + 2*j - 0*j. Calculate the highest common divisor of 1 and i.
1
Let v be ((-116)/(-3))/(-6 + (-40)/(-6)). What is the highest common factor of 290 and v?
58
Let d = 722 - 718. Suppose a - 13 = 7. What is the highest common factor of a and d?
4
Let o(c) = -11*c**3 - 3*c**2 + 15*c - 1. Let j be o(-4). What is the greatest common factor of j and 70?
35
Let k be (-2 + (4 - 5))/(24/(-128)). Calculate the greatest common divisor of k and 200.
8
Let d be 36/9 + 387 - 1. What is the greatest common divisor of 234 and d?
78
Suppose 0 = -14*b + 8*b + 1170. Calculate the highest common factor of b and 30.
15
Let t be ((-8)/(-8))/(2/274). Let k = t + -80. What is the greatest common divisor of k and 19?
19
Suppose -2*w + 13 + 34 = 5*s, -28 = -3*w + s. Suppose 0 = 2*k - 54 + 598. Let r = k + 393. What is the greatest common factor of w and r?
11
Suppose -3 = -3*w - 5*b, 4*w + 2*b - 12 - 6 = 0. Let o be (13 + -2)*(-5 + w). Suppose 2*f = -o + 81. Calculate the greatest common factor of 14 and f.
7
Let f(x) = x**2 + 5*x + 13. Let d be f(0). Calculate the highest common factor of d and 247.
13
Let c(t) = -4*t - 13. Let o(i) = -5*i - 12. Let v(g) = -6*c(g) + 5*o(g). Let q be v(-8). What is the highest common factor of q and 13?
13
Suppose -80*o = -73*o - 147. Calculate the greatest common divisor of 651 and o.
21
Let n be (-16)/10*(-3 - (-1)/2). Suppose 2*s + t = 5*t + 76, -s + 38 = n*t. What is the greatest common factor of 152 and s?
38
Let q = 25 - -14. Suppose 0 = 4*p + 5*m - q, p - 5*m - 47 = -6. Calcu